 Let z(v) = 2*v**2 + 9*v - 40. Give z(b).
5
Let z(o) = -5*o. Let p(s) be the first derivative of 3/2*s**2 + 0*s + 11. Let j(m) = 8*p(m) + 5*z(m). Calculate j(5).
-5
Let p(f) = -f + 2. Let b(y) = y + 41. Let d(g) = b(g) + 4*p(g). Determine d(16).
1
Suppose 0 = -r + c - 1176, r - 37 = -c - 1215. Let k = r - -1688. Let j(v) = k*v**2 - 260*v**2 - 253*v**2 - 3 - 8*v. Calculate j(-6).
-27
Suppose r - 30 = -9*r. Suppose 0 = r*v - 140 + 131. Let k(t) = -t**3 + t**2 + 2*t - 2. Calculate k(v).
-14
Let r(g) = -5500 - 4*g**3 + 3*g**3 - 3*g**2 + 5*g + 2*g**2 + 5496 + 4*g**2. Give r(4).
0
Let i(x) = 8*x**3 + 360*x**2 + x + 28. Let u be i(-45). Let a(b) = b**2 + 30*b + 222. Calculate a(u).
1
Let f(j) = -8*j + 1. Let v be (50/(-35))/((-8)/28). Suppose 5 - 5 = v*t. Suppose t = -3*o - i - 0 - 7, 5*i = 3*o - 17. Give f(o).
9
Let w = -2 + 6. Let n(j) be the third derivative of -j**5/60 + j**4/8 + j**3/6 - 997*j**2. Calculate n(w).
-3
Let p(v) = -3*v + 7. Let k(u) = 8*u + 15. Let b be k(-6). Let r = 60 + b. Let g = r + -22. Calculate p(g).
-8
Let w(i) = -i + 10. Let y(u) = -5*u + 17. Let t be y(3). Let c be (0/(-1 - t))/(18/9). What is w(c)?
10
Suppose -3*f + 146 = 4*h, f = -4*f - 2*h + 248. Let l = 56 - f. Let s(i) be the first derivative of -i**4/4 + 7*i**3/3 - 9*i**2/2 + 9*i - 2. What is s(l)?
-9
Let b(p) = 99*p + 106. Let d(s) = 117*s + 113. Let m(j) = 6*b(j) - 5*d(j). Give m(-11).
-28
Let v(r) = -2*r - 17. Let n(q) = -504*q - 5038. Let w be n(-10). Calculate v(w).
-21
Let k(r) = 21*r - 249. Let u(c) = -11*c + 136. Let g(y) = -6*k(y) - 11*u(y). What is g(-1)?
3
Let t(n) = -91*n. Suppose 350*m + 298 = -52. Give t(m).
91
Let d(a) be the second derivative of -a**5/20 + 3*a**4/4 - a**3 + 3*a**2/2 - 5399*a. Determine d(6).
75
Let y(o) = 4*o**2 - 64*o + 112. Let s(p) = p**2 - 16*p + 27. Let i(j) = 9*s(j) - 2*y(j). Give i(13).
-20
Let r(k) = 24*k**2 - 38*k**2 + 19*k**2 + 3*k + 7*k**3 + k**3 - 9*k**3 - 4. Calculate r(4).
24
Suppose 9*q + 1 = 10*q. Let g(w) = 23*w + 0 - q + 19*w - 41*w. What is g(-12)?
-13
Let x(l) = -6*l**2 + 32*l**3 - 39 + 24 - 4*l - 31*l**3. Let c be x(7). Let u(h) be the third derivative of -h**4/8 + h**3/2 + h**2. What is u(c)?
-15
Let w(i) = -5*i**2 + 2*i - 3. Let j(z) = z**2 + z. Let x = 9 - 9. Suppose 3*q - 3*v - 24 = x, 5*q - 2*v - v - 32 = 0. Let c(g) = q*j(g) + w(g). What is c(5)?
2
Let n(j) be the first derivative of -j**4/4 - 22*j**3/3 + 137*j**2/2 + 58*j + 6338. Calculate n(-27).
4
Suppose -5*i + 6 = 3*y, -36*i + 32*i = -y - 15. Suppose -3 = -2*r + 1. Let w(n) = 2*n**r - 3*n**2 + 3*n + 2*n**2 + 4. Determine w(y).
4
Let i(p) = p**3 - p**2 - 2*p + 11. Let r = -2289 - -2289. Calculate i(r).
11
Let u(r) = 4*r - 7. Let k be -1565*(24/40)/1. Let g = -937 - k. Determine u(g).
1
Let l(d) = -2*d + 1. Let i be l(-2). Suppose 6 = g - 0*g. Let j(f) = -5 - g*f + f**3 + 4 + 2*f**2 - 3*f**2 - 3*f**2. Calculate j(i).
-6
Let t(f) be the second derivative of -f**3/2 - 19*f**2/2 - 27*f - 7. What is t(-7)?
2
Let j(i) = -i - 5. Suppose -16*r + 0*r + 112 = 0. Suppose -r*p - 224 + 154 = 0. Calculate j(p).
5
Let p be ((-36)/(-30))/(6/50). Let y(s) = -s**3 + 12*s**2 - 20*s + 5. Let i be y(p). Let n(j) = -j**3 + 4*j**2 + 3*j - 3. What is n(i)?
-13
Suppose 12 = -a + 16. Suppose 0 = 3*x + y + 34, -a*x = -8*x - 2*y - 48. Let b be x/(-2) + -8 + 5 + 1. Let r(m) = -m**2 - 3. What is r(b)?
-12
Suppose -j + 17 = 4*b, -22*b + 5*j = -24*b + 31. Let h(c) = c**3 - 6*c**2 + 3*c + 12. What is h(b)?
-6
Let v(h) = h**2 + 0 + 0 - 3 - 4*h**2 + h - h**3. Suppose 0 = -30*x + 24*x - 18. Let k(s) = -s**3 - 2*s**2 - 2. Let t(f) = x*k(f) + 4*v(f). Give t(-7).
15
Let u(i) be the first derivative of i**4/4 - 4*i**3/3 + i**2 - 8*i + 1. Suppose 0 = -3*q - 5*w + 72, -14*q - 100 = -3*w - 120. Calculate u(q).
0
Suppose 6*g = 5*s + g - 15, -2*s + 5*g = -3. Suppose 2*j + 5*b + 11 + s = 0, 5*j - 3*b = 9. Let n(m) = -m - m**2 - 3 - 3 + 3 - m**3. Determine n(j).
-3
Let q(x) = 13*x - 46. Let c be q(4). Let r(g) be the first derivative of -g**3/3 + 3*g**2 - 4*g + 210. Determine r(c).
-4
Let q(a) = -21*a**3 + 5*a**3 + 8*a + 0 - 3*a + 14*a**3 + 4. Let k be q(-1). Let i(y) = 29*y**2 + y. Determine i(k).
30
Let r(b) = b**3 + 8*b**2 + 17*b - 3. Suppose 0 = 3*w - 2*l + 287 - 275, 0 = -7*w - 3*l - 28. What is r(w)?
-7
Let z(u) = 3*u**3 + 14*u**2 + 18*u - 2. Let c(m) = 2*m**3 + 15*m**2 + 18*m + 2. Let j(s) = -4*c(s) + 3*z(s). Calculate j(19).
5
Let i(c) = 13*c - 12*c**2 - 417 - c**3 + 17*c + 203 + 237. Calculate i(-14).
-5
Let s(b) = -14 - 8 - 8 + 31. Let g(n) = -3*n + 12. Let x = -18 - -12. Let w(h) = x*s(h) + g(h). Give w(4).
-6
Let n(p) = 27*p + 4*p**2 + 13*p + 0*p**3 - 41*p - p**3. Let j(i) = i + 1. Let u(q) = -2*q - 3. Let d(l) = j(l) + u(l). Let k be d(-5). Calculate n(k).
6
Let b(a) = -4*a + 2. Suppose c - 3*r = 9, -c + 12 = 3*c - 4*r. Let w(k) = c*k - 53*k**3 + 6*k**2 + 2 + 52*k**3 - 8*k. Let o be w(3). Determine b(o).
-18
Let d(l) be the third derivative of -l**4/4 + 13*l**3/3 + 591*l**2. Give d(3).
8
Let x(i) be the second derivative of -i**4/12 + 5*i**3/3 + 17*i**2/2 - 128*i. Let g be x(11). Let a(o) = o**2 - 4*o - 8. Calculate a(g).
4
Suppose 4*h + 0 = -16. Let t(p) be the first derivative of -9*p**2/2 + p + 136. What is t(h)?
37
Let n(r) = 8*r**3 - 3*r**2 - 11*r - 8. Let x be n(-1). Let p(m) = -4*m - 15. Let t(d) = -d. Let f(k) = -p(k) + 3*t(k). What is f(x)?
7
Suppose 7 = 30*h + 127. Let x(t) = t**3 - 4*t**2 - 9*t. What is x(h)?
-92
Let n = 518 + -515. Let f(t) = -4 + 7 + t - 3 + n. Let b = -5 + 8. Calculate f(b).
6
Let c(k) be the second derivative of -15*k**2 - 1/20*k**5 + 3 + k**4 + 5/2*k**3 - 12*k. What is c(13)?
-4
Let k = -2935 + 2923. Let j(m) = 0*m**2 + 0*m**2 - 12*m - m**2. Determine j(k).
0
Let z be (-36)/1 + (-24)/(-8). Let h = 48 + z. Suppose 6 = h*l - 21*l. Let t(q) = 14*q**2 + 2*q + 1. What is t(l)?
13
Let r(j) = -14*j - 13*j - 16*j + 42*j + 4. Suppose -o = 2*t + 3 - 15, 2*t + 4*o = 12. What is r(t)?
-2
Suppose 5*i = -12 + 62. Suppose 6*a = 4*a - i. Let v(f) = 7*f + 6*f**2 + 5*f**2 + 5 + 6*f**2 - 15*f**2. Give v(a).
20
Let c(m) = 3*m**2 + 10*m + 109. Let w(f) = -15*f**2 - 48*f - 558. Let y(h) = -36*c(h) - 7*w(h). What is y(-6)?
18
Let o(w) = -43*w - 15. Let z be o(-3). Let u(n) = 40 - z + 41 + 38 - 3*n. Calculate u(-4).
17
Let n be (-1*2 + 2)/(-2). Let g(f) = 2*f**3 - 12*f**2 - 32*f + 2. Let y be g(8). Let b(v) = v**2 - 3 + n*v**y + v - 4*v + 0*v**2. What is b(3)?
-3
Let z(i) = -i**3 - i**2 + i + 5. Suppose 486 = -4*m + 130. Let r = 89 + m. Suppose r = -3*n + 5*n. Calculate z(n).
5
Let a(m) be the second derivative of -m**3/6 + 4*m**2 - m. Suppose -5*f = -0*f - 420. Suppose 0*s = 14*s - f. What is a(s)?
2
Let h(u) = 2*u + 4. Suppose 0 = -80*i + 31 - 111. What is h(i)?
2
Suppose -57 + 295 = 17*u. Let m(s) = -5*s**2 - 7*s - 15. Let n(y) = y**2 - y + 1. Let i(w) = -m(w) - 6*n(w). What is i(u)?
-5
Let l be (-2)/8 + 9/4. Suppose 3*n + 2*d - 9 = 0, 3*n + 41*d = 46*d + 9. Let v(i) = 9*i**l + 5*i**2 + 2*i**2 - 1 + n*i**2. Determine v(1).
18
Let i(g) be the first derivative of g**4/4 - 4*g**3/3 + g**2/2 + 3*g + 1. Suppose -182*d = -700 + 154. What is i(d)?
-3
Let h(x) = -3*x + 2. Let r(c) = -c + 1. Let u(z) = -6*h(z) + 14*r(z). Suppose -4*y + p + 28 = -3*y, -y + 5*p = -32. Suppose 18*s + y = 63. Give u(s).
10
Suppose 136 + 260 = 66*j. Let k(m) = -m - 2. Let t(d) = d**2 + 4*d - 19. Let x(b) = j*k(b) - t(b). Determine x(-10).
7
Let w(p) = 2*p**2 + 6*p + 7. Suppose -5*d + 59 = -51. Suppose -g - 5*b + d = 0, -22*b + 12 = g - 19*b. Determine w(g).
7
Let w(u) = 2*u**3 - 12*u**2 + 3*u - 3. Let j(l) = 5*l**3 - 25*l**2 + 7*l - 5. Let q(o) = -32*o + 89. Let z be q(3). Let s(d) = z*w(d) + 3*j(d). Calculate s(-9).
6
Let o(j) = 45*j**2 - 5*j - 2. Let k(l) = 248*l**2 - 25*l - 10. Let r(d) = 2*k(d) - 11*o(d). Suppose 5*y = -0*y - 25. What is r(y)?
2
Let p(v) = -1. Let r(f) = -f + 7. Let g(l) = 21*p(l) + 3*r(l). Let z = -7 - -35. Suppose -19*u = -5*u - z. Determine g(u).
-6
Let b be 2/(-3) + 16/6. Let z(a) = 2185*a + 4*a**2 + 501*a**3 - 2187*a - 506*a**3. Give z(b).
-28
Let t(v) be the third derivative of -1/120*v**6 + 2/3*v**3 + 1/12*v**5 - 1/6*v**4 + 29 + v**2 + 0*v. Determine t(4).
4
Let x(n) = -12*n**2 + 537*n - 26. Let s(u) = -23*u**2 + 1076*u - 45. Let h(m) = -2*s(m) + 5*x(m). Calculate h(38).
-